43, -2*a - 5*r + 4 - 10 = 0. List the prime factors of a.
7
Suppose q = -5*q + 48. List the prime factors of q.
2
Suppose f = -5*u - 11 + 81, 0 = 2*f. List the prime factors of u.
2, 7
Suppose -k + 3*k = 0. Suppose k = 2*i + 3*j - 7, -3*i + i + 2*j = -2. Suppose 4*l = -4*c + 44, l - i*l + 3*c + 15 = 0. List the prime factors of l.
2, 3
Let h(n) = n - 5. Let t be h(0). Suppose -3*j - j - 28 = 0. Let v = t - j. What are the prime factors of v?
2
Suppose 2*c + 3 = 4*i - 3, 3*c = 4*i - 9. Suppose 5*v = -i*v + 65. List the prime factors of v.
13
Let w = -8 + -1. Let x be 1/(19/w + 2). What are the prime factors of 87/27 + 2/x?
3
What are the prime factors of ((-3)/(-2))/((-1)/(-30))?
3, 5
Let i(s) = s**2 + 4*s - 4. Let w be i(-6). Let g = w + -4. Let r(d) = 2*d**2 - 2*d - 2. List the prime factors of r(g).
2, 11
Let i = 2 + 1. Let y be 24*(60/(-16))/(-5). Suppose -o + i*o - y = 0. List the prime factors of o.
3
Let a(v) = -v**2 + 10*v - 4. Let l be (-76)/8 - (-2)/(-4). Let j be (8/10)/((-1)/l). List the prime factors of a(j).
2, 3
Suppose v - 9 = 5*d - 0, -2*d = v - 2. Suppose -6*m + 20 = -3*m + 4*p, -4*m - v*p = -24. What are the prime factors of m?
2
Let h(w) be the second derivative of w**4/6 - 4*w**3/3 + 7*w**2/2 + w. What are the prime factors of h(5)?
17
Suppose 0 - 6 = -3*a. Let m be (-18)/a*(-4)/3. Suppose 3*y + 0*y - m = 0. List the prime factors of y.
2
Suppose 0 = a - 4*a + 15. Suppose -t = q - 8, a*t + 83 - 33 = 4*q. List the prime factors of q.
2, 5
Let l = -5 - -7. Let a(j) = j**3 + 1 + 2*j**2 + 2*j - 3*j**2 - l*j**3 - j. List the prime factors of a(-2).
3
Let m = -6 + 6. Let b = 3 + m. What are the prime factors of b?
3
Let j(r) = -r**3 + 9*r**2 + 5*r - 1. What are the prime factors of j(9)?
2, 11
Let k(b) = -b + 3. Suppose -c + 24 = 3*c. Let u be k(c). List the prime factors of u*(-2)/3 + 8.
2, 5
List the prime factors of 2*(-435)/(-10)*1.
3, 29
Let k = -24 + 89. List the prime factors of k.
5, 13
Let l(p) = -p**3 - 3*p**2 + 4*p + 3. Suppose 3*i - i + 8 = 0. Let t = i - 0. What are the prime factors of l(t)?
3
Suppose -3 - 21 = -2*l. Suppose 4*b + l = 6*b. Suppose -b*u + 40 = -u. List the prime factors of u.
2
Let f(l) = 12*l + 1. Let r be f(-1). Let j = r + 16. Suppose -26 = j*p - 86. What are the prime factors of p?
2, 3
Let r(c) be the first derivative of c**4/4 - 7*c**3/3 + c**2/2 - 2*c + 8. Let t(i) = 6*i + 1. Let k be t(1). List the prime factors of r(k).
5
Let n(y) = 6*y - 6. Let z be n(5). Suppose 6*u - z = 2*u. List the prime factors of u.
2, 3
List the prime factors of (-171 + -7)*(1 + -2).
2, 89
Suppose -x - 3*i + 6*i = -5, 25 = 5*x - 2*i. Let u = 7 - x. What are the prime factors of u?
2
Suppose f + 3 = 2*f. Suppose -f + 38 = -g. Let z = -21 - g. List the prime factors of z.
2, 7
Suppose 571 = 4*l - 4*p - 181, -l + 2*p + 183 = 0. List the prime factors of l.
193
Let b(k) = 13*k + 11. Let z(y) = 7*y + 6. Let w(q) = 3*b(q) - 5*z(q). What are the prime factors of w(4)?
19
Let q be (12/(-9))/((-1)/3). Suppose 9*x - 20 = q*x. Suppose c - x*c = -9. List the prime factors of c.
3
Let j(z) be the first derivative of z**3 - z - 1. Let u be 16/(-10) + 6/(-15). What are the prime factors of j(u)?
11
Suppose 2*q - 39 = -q. Suppose 5*z + 9 + 31 = 0. Let m = q + z. List the prime factors of m.
5
Let b be (-1)/(-2)*(4 - -4). Suppose -b*w + 3*p + 7 = 109, -5*p = -w - 34. Let k = -15 - w. List the prime factors of k.
3
Let b(z) = -20*z - 2. Let m(a) = -39*a - 5. Let r(n) = 14*b(n) - 6*m(n). Let c be r(-2). What are the prime factors of c/8 - (-1)/4?
2, 3
Suppose 3*t + 3*y = 5*t - 312, -4*y = -2*t + 314. What are the prime factors of t?
3, 17
Suppose 3*z = 4*z. Suppose -3*r - 6 = -z. List the prime factors of r/3 - (-354)/18.
19
Let z(k) = 30*k**2 + k. List the prime factors of z(-1).
29
Let h = 5 - 0. Suppose -22 = h*o - 7*o. What are the prime factors of o?
11
Let m = 1 + 1. Suppose 3*k = -m*k + 15. What are the prime factors of k?
3
Let k = 64 + -26. List the prime factors of k.
2, 19
Let m = 84 - 60. What are the prime factors of m?
2, 3
Suppose 0 = 3*v, -n = -2*n + 2*v + 4. What are the prime factors of n?
2
Let z = -12 - -12. Suppose n = -2*a + 93, 3*n - 87 = -0*a - 2*a. Suppose -9 - a = -5*l + 3*u, -u - 4 = z. What are the prime factors of l?
3
Let o = 4 + 9. List the prime factors of o.
13
Let l be (12/(-18))/((-1)/3). Suppose 5*d - 89 = -a + 154, 246 = 5*d + l*a. What are the prime factors of 8/d - (-106)/12?
3
List the prime factors of (-1)/(-2)*-33*-2.
3, 11
Let p be ((-108)/(-21))/(3/42). Let s = p - 49. What are the prime factors of s?
23
Let r be 4/(-3)*(0 + -3). Let u be (6/r)/((-3)/(-8)). Suppose u*s - 2*f - 15 = -3*f, 0 = -s - 2*f + 2. What are the prime factors of s?
2
Suppose 5*i + 51 = 11. Let f = i + 29. List the prime factors of f.
3, 7
Let u = -3 + 7. Suppose -u*r - 3 = -5*p + 4, -25 = 5*p. Let y = 14 + r. What are the prime factors of y?
2, 3
Suppose 0*y = -5*k + 2*y + 601, -k + 5*y = -111. What are the prime factors of k?
11
Suppose -3*k + 2*s = k - 84, -56 = -3*k + 5*s. List the prime factors of k.
2, 11
Let a = 2 - 0. Suppose 5*x - 2*x = -a*k + 20, 4*x = 2*k + 22. Suppose -2 = 2*l - x. List the prime factors of l.
2
Let b(u) = -16*u**2 + 4*u - 10. Let g(j) = j**2 - j + 1. Let c(w) = -b(w) - 6*g(w). List the prime factors of c(-2).
2, 5
Suppose 3*k = -b - 9, 0 = -3*b + k + 6 + 7. Let r = 31 - 15. Suppose -b*f = -14 - r. List the prime factors of f.
2, 5
Let c be 0/(-6) - (-2 + -1). Suppose -5*m - 5*d - 6 + 36 = 0, -3*m + c*d = -48. What are the prime factors of m?
11
Let l(j) = j**3 + 3*j**2 - 3*j + 1. Let b be (-9)/(-6)*(0 - 2). Let q(v) = -v**3 - 2*v**2 + 4*v. Let k be q(b). List the prime factors of l(k).
2, 5
Suppose 3*b = 5*x - 16, 5*b + 17 = 2*x + 3. Suppose -x*i = 3*i. Suppose 0 = -i*z + 3*z + 6, 0 = c + 2*z - 9. What are the prime factors of c?
13
Suppose 4*x = 3*x + 45. What are the prime factors of x?
3, 5
Let s(m) = -m**3 + 11*m**2 - 10*m + 2. What are the prime factors of s(10)?
2
Let f = -2 + -4. Let x(d) = -d**2 - 9*d - 9. What are the prime factors of x(f)?
3
What are the prime factors of (158/(-6))/(2/(-6))?
79
Suppose 3*t + 3*h = 0, 0 = -0*h + 5*h + 25. Suppose g + 2*c + 2*c - 26 = 0, t*g + c = 149. What are the prime factors of g?
2, 3, 5
Let o = 2 - 3. Let n = 3 + o. List the prime factors of (14/6 - n)*9.
3
Let g(m) be the third derivative of -m**4/8 - m**3/2 - m**2. What are the prime factors of g(-3)?
2, 3
Let i = 5 - 3. Suppose b + 2*k = 2, k = 5*b - i*k - 49. Suppose -4*u - 34 = -3*y, -3*u = y - b*u - 26. List the prime factors of y.
2, 3
Let j(o) = -o**2 - 9*o + 10. Let n be j(-9). Let y(q) = 9*q + 1. Let u be y(3). Suppose -2*s - n + u = -t, 0 = 5*s + 2*t - 36. List the prime factors of s.
2
Suppose 0*m - 372 = 4*m. Let f = m + 131. List the prime factors of (f/(-8))/(7/(-28)).
19
Let u(i) be the first derivative of i**3/3 - 5*i + 6. What are the prime factors of u(-5)?
2, 5
Suppose 5*l - 3*d = 1390, 0 = 6*l - 11*l + d + 1380. List the prime factors of l.
5, 11
Suppose -m - m = -4*c + 14, 5*c - 2*m - 16 = 0. Suppose -2*h - 3*f = 13, f + 20 + 3 = -c*h. Let w = h + 21. What are the prime factors of w?
7
Let q(s) = -s**3 + 6*s**2 + s + 3. Suppose 28 = v - l, 4*v - 4*l + 9*l = 121. Suppose 4*d = -5 + v. List the prime factors of q(d).
3
Let x(f) = -f**2 - 8*f. Let z be x(-8). Suppose 3*q = 4*s + 7, 0 = 4*q - 5*s + s - 16. Suppose z*p + q = 3*p. What are the prime factors of p?
3
Let w(j) = j**3 + j**2 - 1. Suppose 2*f + 0 + 6 = 3*u, -3*f - 12 = -3*u. Let s be (-15)/(-10)*(-8)/f. List the prime factors of w(s).
11
Let b = 5 + 0. Suppose -2*u = -b*u + 6, -2*u + 156 = 4*x. Suppose -4*j + 2 = -x. List the prime factors of j.
2, 5
Suppose -2*w - 4*u = -6*w, -2*w + 4*u - 4 = 0. List the prime factors of 22*-1*w/(-4).
11
Let q be 66/(-12) - 1/2. List the prime factors of q/(-1 + 0) + 1.
7
Let u be 2*(-3 - 25/(-1)). Suppose -g - 2*o + 2 + 9 = 0, 5*g = o + u. List the prime factors of g.
3
Let v(r) = -9*r - 3. Let z(g) = 8*g + 2. Suppose -2*y = d - 1, -4*d = -5*y - d - 25. Let o(f) = y*v(f) - 3*z(f). List the prime factors of o(-1).
2, 3
Let p = 7 + -2. What are the prime factors of p?
5
Suppose -2*y + 5 = -y. Let o = 1 + y. Let c = o - -5. What are the prime factors of c?
11
Suppose n + 64 = 5*